rime number?
True
Is 8009 a prime number?
True
Is 25997 composite?
False
Is 8257 prime?
False
Is 20389 a prime number?
True
Is 60035 a prime number?
False
Is 12898 a prime number?
False
Is 1668089 composite?
False
Is 2327 a prime number?
False
Is 2901 a prime number?
False
Is 3511 a prime number?
True
Is 134009 a composite number?
True
Is 72749 a prime number?
False
Is 9157 a composite number?
False
Is 6637 prime?
True
Is 8105 a composite number?
True
Is 1946603 prime?
True
Is 3761 a prime number?
True
Is 278543 a prime number?
True
Is 31933 prime?
False
Is 4283 composite?
False
Is 37073 prime?
False
Is 329306 composite?
True
Is 36691 a prime number?
True
Is 40787 prime?
True
Is 8887 a prime number?
True
Is 4834 composite?
True
Is 9109 prime?
True
Is 139283 a composite number?
True
Is 48071 prime?
False
Is 50663 composite?
True
Is 6731 a composite number?
True
Is 91229 a composite number?
False
Is 1152301 composite?
True
Is 345649 a prime number?
False
Is 62681 a composite number?
True
Is 3947 a prime number?
True
Is 571537 a composite number?
True
Is 1313141 a composite number?
False
Is 37 a prime number?
True
Is 158959 a prime number?
True
Is 45737 a composite number?
False
Is 226813 prime?
True
Is 159199 prime?
True
Is 28889 a composite number?
True
Is 2221793 composite?
True
Is 7621 a composite number?
False
Is 562651 composite?
False
Is 421457 a composite number?
True
Is 63809 composite?
False
Is 163187 prime?
False
Is 182017 prime?
False
Is 40739 a prime number?
True
Is 25013 composite?
False
Is 86047 a composite number?
True
Is 57049 a prime number?
False
Is 3883 a composite number?
True
Is 156467 prime?
True
Is 206027 a prime number?
True
Is 235402 a composite number?
True
Is 6157 composite?
True
Is 49991 a prime number?
True
Is 810653 a composite number?
False
Is 1402727 composite?
False
Is 407 a composite number?
True
Is 4699 a composite number?
True
Is 6581 composite?
False
Is 60569 prime?
False
Is 1469417 a composite number?
True
Is 634643 a composite number?
False
Is 587 a prime number?
True
Is 63901 a composite number?
False
Is 13657 a prime number?
False
Is 7522 prime?
False
Is 19603 a composite number?
False
Is 314606 composite?
True
Is 28591 a prime number?
True
Is 181523 prime?
True
Is 584799 prime?
False
Is 225679 a prime number?
False
Is 762479 a prime number?
True
Is 3803 a composite number?
False
Is 145019 a prime number?
False
Is 484439 composite?
False
Is 1383523 composite?
True
Is 121523 a composite number?
False
Is 2698159 a composite number?
False
Is 982 a composite number?
True
Is 1843 a composite number?
True
Is 38549 a composite number?
True
Is 147979 a prime number?
False
Is 689 a prime number?
False
Is 170463 a prime number?
False
Is 90065 composite?
True
Is 979 a prime number?
False
Is 160013 a prime number?
False
Is 4281 a composite number?
True
Is 4561 a composite number?
False
Is 59183 composite?
False
Is 8923 a composite number?
False
Is 4853 a prime number?
False
Is 11969 prime?
True
Is 53281 prime?
True
Is 105491 a prime number?
True
Is 400559 a prime number?
True
Is 109999 a composite number?
True
Is 16117 composite?
True
Is 331622 a composite number?
True
Is 28201 prime?
True
Is 1307557 composite?
False
Is 10897 composite?
True
Is 25679 a composite number?
False
Is 40231 composite?
False
Is 19249 composite?
False
Is 755707 a prime number?
True
Is 74923 a prime number?
True
Is 75799 composite?
True
Is 1894 prime?
False
Is 1916197 a composite number?
True
Is 276517 a prime number?
True
Is 97 composite?
False
Is 21241 prime?
False
Is 17257 prime?
True
Is 66587 a composite number?
False
Is 1709 prime?
True
Is 5809 a prime number?
False
Is 8885 composite?
True
Is 210407 composite?
False
Is 18001 composite?
True
Is 194227 a composite number?
True
Is 128387 prime?
False
Is 691 prime?
True
Is 3377 prime?
False
Is 499711 prime?
True
Is 250583 composite?
False
Is 739 a composite number?
False
Is 128887 a composite number?
True
Is 50701 prime?
False
Is 50965 composite?
True
Is 605351 prime?
False
Is 13163 a prime number?
True
Is 254253 prime?
False
Is 302459 composite?
False
Is 24907 composite?
False
Is 46301 prime?
True
Is 13553 a composite number?
False
Is 5021 composite?
False
Is 193145 prime?
False
Is 146143 composite?
True
Is 77851 composite?
True
Is 90341 a prime number?
False
Is 77947 prime?
False
Is 15371 prime?
False
Is 72997 a prime number?
True
Is 204749 composite?
False
Is 104987 composite?
False
Is 57131 prime?
True
Is 380317 a prime number?
False
Is 4691 a composite number?
False
Is 299603 prime?
True
Is 15545 prime?
False
Is 28142 a prime number?
False
Is 2248129 a composite number?
True
Is 3109 prime?
True
Is 1631 composite?
True
Is 575063 a prime number?
True
Is 1151 a composite number?
False
Is 320455 prime?
False
Is 376843 a composite number?
True
Is 336599 a composite number?
False
Is 445261 composite?
False
Is 3635 a composite number?
True
Is 21209 composite?
True
Is 86794 a prime number?
False
Is 323579 a prime number?
True
Is 14395 composite?
True
Is 421177 prime?
True
Is 96803 a composite number?
True
Is 44449 prime?
True
Is 1074949 prime?
True
Is 47543 prime?
True
Is 10207 a composite number?
True
Is 8251 composite?
True
Is 7639 composite?
False
Is 60773 composite?
False
Is 6821 a prime number?
False
Is 335 prime?
False
Is 66841 prime?
True
Is 3599 a prime number?
False
Is 10919 a prime number?
False
Is 3588041 prime?
True
Is 129581 composite?
False
Is 981241 a composite number?
False
Is 280733 a composite number?
True
Is 124702 prime?
False
Is 356663 prime?
True
Is 513307 prime?
True
Is 1382 a prime number?
False
Is 152267 a prime number?
True
Is 1121 a prime number?
False
Is 16033 a prime number?
True
Is 282173 a prime number?
False
Is 31873 prime?
True
Is 2378419 composite?
True
Is 2026 prime?
False
Is 27941 composite?
False
Is 12149 a prime number?
True
Is 33997 a prime number?
True
Is 614651 a prime number?
False
Is 362797 a composite number?
True
Is 33679 prime?
True
Is 236921 composite?
True
Is 359701 a composite number?
False
Is 61431 a composite number?
True
Is 8413 a prime number?
False
Is 27257 prime?
False
Is 4201347 prime?
False
Is 61309 composite?
True
Is 258061 a composite number?
False
Is 1193 prime?
True
Is 42523 a prime number?
False
Is 179717 a composite number?
False
Is 97283 prime?
True
Is 10097 a prime number?
False
Is 667081 composite?
False
Is 579299 composite?
True
Is 86069 prime?
True
Is 198173 prime?
True
Is 1341439 composite?
True
Is 722447 a prime number?
False
Is 8735 prime?
False
Is 993479 composite?
False
Is 49103 composite?
False
Is 465407 composite?
False
Is 40177 composite?
False
Is 10991 prime?
False
Is 9067 composite?
False
Is 329961 composite?
True
Is 42241 a prime number?
False
Is 1857703 a composite number?
True
Is 110419 composite?
False
Is 6731 a composite number?
True
Is 9941 prime?
True
Is 5141 a composite number?
True
Is 81723 a composite number?
True
Is 180463 a composite number?
False
Is 78839 prime?
True
Is 42131 composite?
False
Is 6593 a prime number?
False
Is 44167 a prime number?
False
Is 224953 composite?
True
Is 80453 composite?
True
Is 566779 prime?
False
Is 747429 prime?
False
Is 2828429 composite?
False
Is 2051 composite?
True
Is 25097 composite?
False
Is 181123 a composite number?
False
Is 150637 a composite number?
True
Is 202519 a composite number?
False
Is 3595 composite?
True
Is 1366 prime?
False
Is 8461 a composite number?
False
Is 649 composite?
True
Is 11959 prime?
True
Is 741695 composite?
True
Is 277009 composite?
True
Is 253133 composite?
False
Is 82765 composite?
True
Is 7639 composite?
False
Is 580471 a prime number?
True
Is 13121 composite?
False
Is 2813 a prime number?
False
Is 15709 a prime number?
False
Is 259183 prime?
True
Is 21179 a composite number?
False
Is 5941 composite?
True
Is 4757 a composite number?
True
Is 826751 prime?
False
Is 108341 a composite number?
True
Is 6467 composite?
True
Is 87719 prime?
True
Is 4201 prime?
True
Is 101641 a prime number?
True
Is 683 composite?
False
Is 59821 a prime number?
False
Is 907 prime?
True
Is 14983 a prime number?
True
Is 3148333 a prime number?
True
Is 2788297 a composite number?
False
Is 8779 a composite number?
False
Is 1226 a composite number?
True
Is 91229 p